 by 1046?
241
Calculate the remainder when 219335 is divided by 109664.
7
What is the remainder when 130983 is divided by 19?
16
Calculate the remainder when 702131 is divided by 45.
41
What is the remainder when 81010 is divided by 40502?
6
Calculate the remainder when 8837 is divided by 877.
67
What is the remainder when 8524 is divided by 178?
158
Calculate the remainder when 13545 is divided by 180.
45
Calculate the remainder when 20079 is divided by 2007.
9
What is the remainder when 6433 is divided by 76?
49
What is the remainder when 4316 is divided by 525?
116
What is the remainder when 605009 is divided by 302504?
1
Calculate the remainder when 7371 is divided by 1023.
210
Calculate the remainder when 2678 is divided by 144.
86
What is the remainder when 3885 is divided by 259?
0
What is the remainder when 358513 is divided by 179253?
7
What is the remainder when 11439 is divided by 1143?
9
What is the remainder when 32402 is divided by 10771?
89
Calculate the remainder when 3501 is divided by 1704.
93
What is the remainder when 685 is divided by 45?
10
What is the remainder when 155145 is divided by 47?
45
Calculate the remainder when 6864 is divided by 6694.
170
What is the remainder when 1785 is divided by 24?
9
What is the remainder when 71220 is divided by 14240?
20
Calculate the remainder when 251907 is divided by 2738.
11
Calculate the remainder when 53538 is divided by 41.
33
Calculate the remainder when 1845 is divided by 148.
69
Calculate the remainder when 898 is divided by 307.
284
Calculate the remainder when 760176 is divided by 201.
195
What is the remainder when 3349872 is divided by 21?
15
What is the remainder when 395060 is divided by 472?
468
What is the remainder when 892261 is divided by 24785?
1
Calculate the remainder when 5473102 is divided by 104.
102
What is the remainder when 1171727 is divided by 2182?
2175
What is the remainder when 1297 is divided by 1259?
38
What is the remainder when 23224 is divided by 1547?
19
Calculate the remainder when 2994 is divided by 137.
117
Calculate the remainder when 53513 is divided by 224.
201
Calculate the remainder when 8600 is divided by 536.
24
Calculate the remainder when 234 is divided by 199.
35
What is the remainder when 67039 is divided by 242?
5
What is the remainder when 951 is divided by 3?
0
What is the remainder when 37718 is divided by 3770?
18
Calculate the remainder when 585804 is divided by 115.
109
Calculate the remainder when 69220 is divided by 438.
16
What is the remainder when 123153 is divided by 4398?
9
What is the remainder when 612131 is divided by 814?
3
Calculate the remainder when 600836 is divided by 119.
5
What is the remainder when 51786 is divided by 100?
86
What is the remainder when 19995 is divided by 50?
45
Calculate the remainder when 34360 is divided by 484.
480
What is the remainder when 12993958 is divided by 155?
153
Calculate the remainder when 93923 is divided by 7.
4
What is the remainder when 5132 is divided by 39?
23
Calculate the remainder when 35717 is divided by 8.
5
What is the remainder when 670327 is divided by 37?
35
What is the remainder when 17970 is divided by 17929?
41
Calculate the remainder when 3454 is divided by 1720.
14
What is the remainder when 45779 is divided by 11433?
47
What is the remainder when 68453 is divided by 68447?
6
Calculate the remainder when 486193 is divided by 25.
18
What is the remainder when 7560 is divided by 659?
311
What is the remainder when 11132 is divided by 339?
284
Calculate the remainder when 149416 is divided by 49796.
28
Calculate the remainder when 2972 is divided by 65.
47
What is the remainder when 14272 is divided by 118?
112
Calculate the remainder when 54102 is divided by 361.
313
What is the remainder when 17426 is divided by 1998?
1442
What is the remainder when 33495 is divided by 125?
120
What is the remainder when 91847 is divided by 15292?
95
What is the remainder when 10356 is divided by 5124?
108
Calculate the remainder when 16697 is divided by 57.
53
What is the remainder when 2168637 is divided by 54?
51
Calculate the remainder when 2455197 is divided by 775.
772
What is the remainder when 60299 is divided by 942?
11
What is the remainder when 49394 is divided by 2243?
48
What is the remainder when 4217 is divided by 4205?
12
What is the remainder when 35488 is divided by 130?
128
Calculate the remainder when 342 is divided by 103.
33
What is the remainder when 1315 is divided by 378?
181
Calculate the remainder when 83087 is divided by 77.
4
What is the remainder when 36805 is divided by 478?
477
Calculate the remainder when 1747811 is divided by 1069.
1065
What is the remainder when 11439 is divided by 22?
21
What is the remainder when 3341 is divided by 451?
184
What is the remainder when 105475 is divided by 909?
31
What is the remainder when 4109 is divided by 1234?
407
Calculate the remainder when 48006 is divided by 436.
46
What is the remainder when 1782 is divided by 2?
0
What is the remainder when 131602 is divided by 123?
115
What is the remainder when 744893 is divided by 151?
10
Calculate the remainder when 302516 is divided by 271.
80
What is the remainder when 61104 is divided by 228?
0
What is the remainder when 15486 is divided by 83?
48
What is the remainder when 10094 is divided by 1339?
721
What is the remainder when 754 is divided by 94?
2
What is the remainder when 64542 is divided by 59?
55
Calculate the remainder when 1718 is divided by 1331.
387
What is the remainder when 41532 is divided by 13830?
42
What is the remainder when 57326 is divided by 43?
7
What is the remainder when 6888 is divided by 1273?
523
Calculate the remainder when 2215 is divided by 441.
10
What is the remainder when 502907 is divided by 1270?
1257
What is the remainder when 27399 is divided by 47?
45
Calculate the remainder when 2310 is divided by 80.
70
Calculate the remainder when 564517 is divided by 70564.
5
Calculate the remainder when 126287 is divided by 146.
143
What is the remainder when 82658 is divided by 4345?
103
What is the remainder when 24936 is divided by 7896?
1248
What is the remainder when 1357754 is divided by 339430?
34
What is the remainder when 33654 is divided by 4?
2
What is the remainder when 48974 is divided by 16?
14
Calculate the remainder when 1185 is divided by 177.
123
Calculate the remainder when 4113 is divided by 1032.
1017
What is the remainder when 774467 is divided by 40?
27
What is the remainder when 158747 is divided by 52903?
38
Calculate the remainder when 1020800 is divided by 514.
510
What is the remainder when 936806 is divided by 32?
6
What is the remainder when 31286 is divided by 10422?
20
What is the remainder when 7175 is divided by 1597?
787
What is the remainder when 92177 is divided by 46086?
5
What is the remainder when 28507 is divided by 401?
36
Calculate the remainder when 944031 is divided by 115.
111
What is the remainder when 50216 is divided by 50206?
10
Calculate the remainder when 2099 is divided by 5.
4
Calculate the remainder when 43701 is divided by 8721.
96
Calculate the remainder when 436679 is divided by 180.
179
What is the remainder when 3981 is divided by 117?
3
Calculate the remainder when 32289 is divided by 69.
66
Calculate the remainder when 4067 is divided by 202.
27
Calculate the remainder when 228599 is divided by 36.
35
What is the remainder when 7851 is divided by 21?
18
What is the remainder when 3821 is divided by 322?
279
What is the remainder when 3207 is divided by 1600?
7
Calculate the remainder when 11594 is divided by 288.
74
Calculate the remainder when 28799 is divided by 5758.
9
Calculate the remainder when 47187 is divided by 271.
33
Calculate the remainder when 4315 is divided by 568.
339
What is the remainder when 1876 is divided by 226?
68
What is the remainder when 133602 is divided by 2190?
12
Calculate the remainder when 84987 is divided by 128.
123
Calculate the remainder when 996 is divided by 232.
68
Calculate the remainder when 6721 is divided by 3360.
1
What is the remainder when 14334 is divided by 7?
5
Calculate the remainder when 9719 is divided by 128.
119
Calculate the remainder when 2477 is divided by 356.
341
Calculate the remainder when 257719 i